{"id":119,"date":"2015-11-24T10:26:32","date_gmt":"2015-11-24T09:26:32","guid":{"rendered":"http:\/\/www.mag-fruits.fr\/?page_id=119"},"modified":"2022-04-27T16:02:27","modified_gmt":"2022-04-27T15:02:27","slug":"creno","status":"publish","type":"page","link":"https:\/\/www.mag-fruits.fr\/index.php\/creno\/","title":{"rendered":"Creno"},"content":{"rendered":"<p>[et_pb_section fb_built=\u00a0\u00bb1&Prime; fullwidth=\u00a0\u00bbon\u00a0\u00bb custom_padding_last_edited=\u00a0\u00bbon|desktop\u00a0\u00bb admin_label=\u00a0\u00bbSection\u00a0\u00bb _builder_version=\u00a0\u00bb3.22&Prime; background_image=\u00a0\u00bbhttp:\/\/www.mag-fruits.fr\/wp-content\/uploads\/2015\/11\/tomate.jpg\u00a0\u00bb parallax=\u00a0\u00bbon\u00a0\u00bb parallax_method=\u00a0\u00bboff\u00a0\u00bb custom_padding_tablet=\u00a0\u00bb50px|0|50px|0&Prime; custom_css_main_element=\u00a0\u00bbheight:150px\u00a0\u00bb transparent_background=\u00a0\u00bboff\u00a0\u00bb padding_mobile=\u00a0\u00bboff\u00a0\u00bb make_fullwidth=\u00a0\u00bboff\u00a0\u00bb use_custom_width=\u00a0\u00bboff\u00a0\u00bb width_unit=\u00a0\u00bbon\u00a0\u00bb global_colors_info=\u00a0\u00bb{}\u00a0\u00bb custom_padding_phone=\u00a0\u00bb50px|0|50px|0&Prime;][\/et_pb_section][et_pb_section fb_built=\u00a0\u00bb1&Prime; admin_label=\u00a0\u00bbSection\u00a0\u00bb _builder_version=\u00a0\u00bb3.22&Prime; global_colors_info=\u00a0\u00bb{}\u00a0\u00bb][et_pb_row admin_label=\u00a0\u00bbLigne\u00a0\u00bb _builder_version=\u00a0\u00bb3.25&Prime; background_size=\u00a0\u00bbinitial\u00a0\u00bb background_position=\u00a0\u00bbtop_left\u00a0\u00bb background_repeat=\u00a0\u00bbrepeat\u00a0\u00bb global_colors_info=\u00a0\u00bb{}\u00a0\u00bb][et_pb_column type=\u00a0\u00bb4_4&Prime; _builder_version=\u00a0\u00bb3.25&Prime; custom_padding=\u00a0\u00bb|||\u00a0\u00bb hover_enabled=\u00a0\u00bb0&Prime; global_colors_info=\u00a0\u00bb{}\u00a0\u00bb custom_padding__hover=\u00a0\u00bb|||\u00a0\u00bb sticky_enabled=\u00a0\u00bb0&Prime;][et_pb_text admin_label=\u00a0\u00bbTexte\u00a0\u00bb _builder_version=\u00a0\u00bb4.11.4&Prime; background_size=\u00a0\u00bbinitial\u00a0\u00bb background_position=\u00a0\u00bbtop_left\u00a0\u00bb background_repeat=\u00a0\u00bbrepeat\u00a0\u00bb hover_enabled=\u00a0\u00bb0&Prime; use_border_color=\u00a0\u00bboff\u00a0\u00bb border_color=\u00a0\u00bb#ffffff\u00a0\u00bb border_style=\u00a0\u00bbsolid\u00a0\u00bb global_colors_info=\u00a0\u00bb{}\u00a0\u00bb sticky_enabled=\u00a0\u00bb0&Prime;]<\/p>\n<p style=\"text-align: justify;\"><a href=\"http:\/\/www.mag-fruits.fr\/wp-content\/uploads\/2022\/04\/LOGO_CRENO-VALIDE.png\"><img loading=\"lazy\" src=\"http:\/\/www.mag-fruits.fr\/wp-content\/uploads\/2022\/04\/LOGO_CRENO-VALIDE-300x180.png\" alt=\"\" class=\"wp-image-1222 alignnone size-medium\" width=\"227\" height=\"136\" \/><\/a><\/p>\n<p style=\"text-align: justify;\"><strong>CRENO, 40 ans d\u2019histoire au service du d\u00e9veloppement du r\u00e9seau et de la satisfaction client.<\/strong><strong><br \/><\/strong><br \/>Au d\u00e9but des ann\u00e9es 70,\u00a0plusieurs<strong>\u00a0op\u00e9rateurs de gros en fruits et l\u00e9gumes<\/strong> ont constat\u00e9 que le secteur \u00e9tait trop d\u00e9centralis\u00e9 et les entreprises trop petites pour faire face \u00e0 l&rsquo;\u00e9volution rapide des circuits de distribution. Ils ont donc d\u00e9cid\u00e9 de <strong>s&rsquo;unir<\/strong>. CRENO \u00e9tait n\u00e9. C&rsquo;est ainsi que, depuis 40 ans, le groupement <strong>CRENO d\u00e9ploie son expertise<\/strong> du frais partout en France avec <strong>r\u00e9activit\u00e9<\/strong>, <strong>souplesse<\/strong> des solutions mises en \u0153uvre, sens du <strong>service<\/strong> et de la <strong>qualit\u00e9<\/strong> des offres propos\u00e9es.<\/p>\n<p>CRENO allie la <strong>puissance d&rsquo;un groupe<\/strong> structur\u00e9 \u00e0 la<strong> r\u00e9activit\u00e9 de PME<\/strong> r\u00e9gionales \u00e0 taille humaine, afin\u00a0d&rsquo;<strong>organiser<\/strong> et <strong>centraliser les fonctions cl\u00e9s du groupe<\/strong> (marketing, achats, logistique, qualit\u00e9, relations avec les clients nationaux, \u2026) et d&rsquo;offrir \u00e0 chaque client un<strong> service de proximit\u00e9 sur mesure<\/strong>.<\/p>\n<p style=\"text-align: justify;\">CRENO articule son activit\u00e9 de commerce et de distribution autour d\u2019un r\u00e9seau de <strong>structures d\u2019achat et de vente<\/strong>, avec l&rsquo;appui d&rsquo;une <strong>centrale nationale<\/strong>, au service des entreprises adh\u00e9rentes\u00a0et des grands comptes nationaux et r\u00e9gionaux.<\/p>\n<p>[\/et_pb_text][\/et_pb_column][\/et_pb_row][et_pb_row admin_label=\u00a0\u00bbLigne\u00a0\u00bb _builder_version=\u00a0\u00bb3.25&Prime; background_size=\u00a0\u00bbinitial\u00a0\u00bb background_position=\u00a0\u00bbtop_left\u00a0\u00bb background_repeat=\u00a0\u00bbrepeat\u00a0\u00bb global_colors_info=\u00a0\u00bb{}\u00a0\u00bb column_structure=\u00a0\u00bb1_2,1_2&Prime;][et_pb_column type=\u00a0\u00bb1_2&Prime; _builder_version=\u00a0\u00bb3.25&Prime; custom_padding=\u00a0\u00bb|||\u00a0\u00bb global_colors_info=\u00a0\u00bb{}\u00a0\u00bb custom_padding__hover=\u00a0\u00bb|||\u00a0\u00bb][et_pb_text admin_label=\u00a0\u00bbTexte\u00a0\u00bb _builder_version=\u00a0\u00bb3.27.4&Prime; background_size=\u00a0\u00bbinitial\u00a0\u00bb background_position=\u00a0\u00bbtop_left\u00a0\u00bb background_repeat=\u00a0\u00bbrepeat\u00a0\u00bb use_border_color=\u00a0\u00bboff\u00a0\u00bb border_color=\u00a0\u00bb#ffffff\u00a0\u00bb border_style=\u00a0\u00bbsolid\u00a0\u00bb global_colors_info=\u00a0\u00bb{}\u00a0\u00bb]Au total, ce r\u00e9seau national se compose de\u00a0:<\/p>\n<ul>\n<li><strong>28 entreprises\u00a0adh\u00e9rentes<\/strong><\/li>\n<li><strong>6 bureaux d\u2019achat F&amp;L\u00a0<\/strong> implant\u00e9s au c\u0153ur des bassins de production<\/li>\n<li><strong>1 bureau d\u2019achat Mar\u00e9e<\/strong> \u00e0 Boulogne -sur-Mer<\/li>\n<li><strong>3 plateformes de vente <\/strong>en ligne directe avec l\u2019Italie, la vall\u00e9e du Rh\u00f4ne et l\u2019Espagne<\/li>\n<li><strong>1 plateforme nationale de 4\u00e8me et 5\u00e8me gamme <\/strong>\u00e0 Rungis<\/li>\n<li><strong>1000 fournisseurs<\/strong> (+de) partenaires en Europe<\/li>\n<li><strong>825 producteurs fran\u00e7ais<\/strong><\/li>\n<li><strong>une centrale nationale<\/strong> qui regroupe l\u2019ensemble des bureaux d\u2019achat et de vente, les fonctions support du groupement\u00a0 (RH, comptabilit\u00e9, informatique) et la centrale op\u00e9rationnelle d\u00e9di\u00e9e aux adh\u00e9rents et aux Grands Comptes nationaux et r\u00e9gionaux.<\/li>\n<\/ul>\n<p>Ce mod\u00e8le de d\u00e9centralisation trouve aujourd\u2019hui toute sa force avec l\u2019activation de circuits courts \u00e9co-responsables et de partenariats solides entre les fournisseurs, les adh\u00e9rents, la centrale et les clients.<\/p>\n<p>Pour plus d&rsquo;infos, rendez-vous sur le site : <a href=\"http:\/\/www.creno.fr\" target=\"_blank\" rel=\"noopener\">www.creno.fr<\/a>.<br \/>\n[\/et_pb_text][\/et_pb_column][et_pb_column type=\u00a0\u00bb1_2&Prime; _builder_version=\u00a0\u00bb3.25&Prime; custom_padding=\u00a0\u00bb|||\u00a0\u00bb global_colors_info=\u00a0\u00bb{}\u00a0\u00bb custom_padding__hover=\u00a0\u00bb|||\u00a0\u00bb][et_pb_image src=\u00a0\u00bbhttp:\/\/www.mag-fruits.fr\/wp-content\/uploads\/2015\/11\/carte_creno_3.png\u00a0\u00bb align=\u00a0\u00bbcenter\u00a0\u00bb align_tablet=\u00a0\u00bbcenter\u00a0\u00bb align_last_edited=\u00a0\u00bbon|desktop\u00a0\u00bb admin_label=\u00a0\u00bbImage\u00a0\u00bb _builder_version=\u00a0\u00bb3.23&Prime; use_border_color=\u00a0\u00bboff\u00a0\u00bb border_color=\u00a0\u00bb#ffffff\u00a0\u00bb border_style=\u00a0\u00bbsolid\u00a0\u00bb animation=\u00a0\u00bboff\u00a0\u00bb sticky=\u00a0\u00bboff\u00a0\u00bb always_center_on_mobile=\u00a0\u00bbon\u00a0\u00bb global_colors_info=\u00a0\u00bb{}\u00a0\u00bb align_phone=\u00a0\u00bbcenter\u00a0\u00bb] [\/et_pb_image][\/et_pb_column][\/et_pb_row][\/et_pb_section][et_pb_section fb_built=\u00a0\u00bb1&Prime; fullwidth=\u00a0\u00bbon\u00a0\u00bb custom_padding_last_edited=\u00a0\u00bbon|desktop\u00a0\u00bb admin_label=\u00a0\u00bbSection\u00a0\u00bb _builder_version=\u00a0\u00bb3.22&Prime; background_image=\u00a0\u00bbhttp:\/\/www.mag-fruits.fr\/wp-content\/uploads\/2015\/11\/tomate.jpg\u00a0\u00bb parallax=\u00a0\u00bbon\u00a0\u00bb parallax_method=\u00a0\u00bboff\u00a0\u00bb custom_padding_tablet=\u00a0\u00bb50px|0|50px|0&Prime; custom_css_main_element=\u00a0\u00bbheight:150px\u00a0\u00bb transparent_background=\u00a0\u00bboff\u00a0\u00bb padding_mobile=\u00a0\u00bboff\u00a0\u00bb make_fullwidth=\u00a0\u00bboff\u00a0\u00bb use_custom_width=\u00a0\u00bboff\u00a0\u00bb width_unit=\u00a0\u00bbon\u00a0\u00bb global_colors_info=\u00a0\u00bb{}\u00a0\u00bb custom_padding_phone=\u00a0\u00bb50px|0|50px|0&Prime;][\/et_pb_section]<\/p>\n","protected":false},"excerpt":{"rendered":"<p>CRENO, 40 ans d\u2019histoire au service du d\u00e9veloppement du r\u00e9seau et de la satisfaction client.Au d\u00e9but des ann\u00e9es 70,\u00a0plusieurs\u00a0op\u00e9rateurs de gros en fruits et l\u00e9gumes ont constat\u00e9 que le secteur \u00e9tait trop d\u00e9centralis\u00e9 et les entreprises trop petites pour faire face \u00e0 l&rsquo;\u00e9volution rapide des circuits de distribution. Ils ont donc d\u00e9cid\u00e9 de s&rsquo;unir. CRENO [&hellip;]<\/p>\n","protected":false},"author":1,"featured_media":0,"parent":0,"menu_order":0,"comment_status":"closed","ping_status":"closed","template":"","meta":{"_et_pb_use_builder":"on","_et_pb_old_content":"","_et_gb_content_width":""},"yoast_head":"<!-- This site is optimized with the Yoast SEO plugin v18.6 - https:\/\/yoast.com\/wordpress\/plugins\/seo\/ -->\n<title>Groupe Creno | Mag-Fruits - Au c\u0153ur du frais<\/title>\n<meta name=\"description\" content=\"Creno allie la\u00a0puissance d\u2019un groupe\u00a0structur\u00e9 \u00e0 la\u00a0r\u00e9activit\u00e9 de PME r\u00e9gionales, afin\u00a0d\u2019organiser\u00a0et\u00a0centraliser les fonctions cl\u00e9s du groupe.\" \/>\n<meta name=\"robots\" content=\"index, follow, max-snippet:-1, max-image-preview:large, max-video-preview:-1\" \/>\n<link rel=\"canonical\" href=\"https:\/\/www.mag-fruits.fr\/index.php\/creno\/\" \/>\n<meta property=\"og:locale\" content=\"fr_FR\" \/>\n<meta property=\"og:type\" content=\"article\" \/>\n<meta property=\"og:title\" content=\"Groupe Creno | Mag-Fruits - Au c\u0153ur du frais\" \/>\n<meta property=\"og:description\" content=\"Creno allie la\u00a0puissance d\u2019un groupe\u00a0structur\u00e9 \u00e0 la\u00a0r\u00e9activit\u00e9 de PME r\u00e9gionales, afin\u00a0d\u2019organiser\u00a0et\u00a0centraliser les fonctions cl\u00e9s du groupe.\" \/>\n<meta property=\"og:url\" content=\"https:\/\/www.mag-fruits.fr\/index.php\/creno\/\" \/>\n<meta property=\"og:site_name\" content=\"Mag-Fruits\" \/>\n<meta property=\"article:modified_time\" content=\"2022-04-27T15:02:27+00:00\" \/>\n<meta property=\"og:image\" content=\"http:\/\/www.mag-fruits.fr\/wp-content\/uploads\/2022\/04\/LOGO_CRENO-VALIDE-300x180.png\" \/>\n<meta name=\"twitter:card\" content=\"summary\" \/>\n<meta name=\"twitter:label1\" content=\"Dur\u00e9e de lecture estim\u00e9e\" \/>\n\t<meta name=\"twitter:data1\" content=\"4 minutes\" \/>\n<script type=\"application\/ld+json\" class=\"yoast-schema-graph\">{\"@context\":\"https:\/\/schema.org\",\"@graph\":[{\"@type\":\"WebSite\",\"@id\":\"https:\/\/www.mag-fruits.fr\/#website\",\"url\":\"https:\/\/www.mag-fruits.fr\/\",\"name\":\"Mag-Fruits\",\"description\":\"Au coeur du frais\",\"potentialAction\":[{\"@type\":\"SearchAction\",\"target\":{\"@type\":\"EntryPoint\",\"urlTemplate\":\"https:\/\/www.mag-fruits.fr\/?s={search_term_string}\"},\"query-input\":\"required name=search_term_string\"}],\"inLanguage\":\"fr-FR\"},{\"@type\":\"ImageObject\",\"@id\":\"https:\/\/www.mag-fruits.fr\/index.php\/creno\/#primaryimage\",\"inLanguage\":\"fr-FR\",\"url\":\"https:\/\/www.mag-fruits.fr\/wp-content\/uploads\/2022\/04\/LOGO_CRENO-VALIDE.png\",\"contentUrl\":\"https:\/\/www.mag-fruits.fr\/wp-content\/uploads\/2022\/04\/LOGO_CRENO-VALIDE.png\",\"width\":886,\"height\":531},{\"@type\":\"WebPage\",\"@id\":\"https:\/\/www.mag-fruits.fr\/index.php\/creno\/#webpage\",\"url\":\"https:\/\/www.mag-fruits.fr\/index.php\/creno\/\",\"name\":\"Groupe Creno | Mag-Fruits - Au c\u0153ur du frais\",\"isPartOf\":{\"@id\":\"https:\/\/www.mag-fruits.fr\/#website\"},\"primaryImageOfPage\":{\"@id\":\"https:\/\/www.mag-fruits.fr\/index.php\/creno\/#primaryimage\"},\"datePublished\":\"2015-11-24T09:26:32+00:00\",\"dateModified\":\"2022-04-27T15:02:27+00:00\",\"description\":\"Creno allie la\u00a0puissance d\u2019un groupe\u00a0structur\u00e9 \u00e0 la\u00a0r\u00e9activit\u00e9 de PME r\u00e9gionales, afin\u00a0d\u2019organiser\u00a0et\u00a0centraliser les fonctions cl\u00e9s du groupe.\",\"breadcrumb\":{\"@id\":\"https:\/\/www.mag-fruits.fr\/index.php\/creno\/#breadcrumb\"},\"inLanguage\":\"fr-FR\",\"potentialAction\":[{\"@type\":\"ReadAction\",\"target\":[\"https:\/\/www.mag-fruits.fr\/index.php\/creno\/\"]}]},{\"@type\":\"BreadcrumbList\",\"@id\":\"https:\/\/www.mag-fruits.fr\/index.php\/creno\/#breadcrumb\",\"itemListElement\":[{\"@type\":\"ListItem\",\"position\":1,\"name\":\"Accueil\",\"item\":\"https:\/\/www.mag-fruits.fr\/\"},{\"@type\":\"ListItem\",\"position\":2,\"name\":\"Creno\"}]}]}<\/script>\n<!-- \/ Yoast SEO plugin. -->","yoast_head_json":{"title":"Groupe Creno | Mag-Fruits - Au c\u0153ur du frais","description":"Creno allie la\u00a0puissance d\u2019un groupe\u00a0structur\u00e9 \u00e0 la\u00a0r\u00e9activit\u00e9 de PME r\u00e9gionales, afin\u00a0d\u2019organiser\u00a0et\u00a0centraliser les fonctions cl\u00e9s du groupe.","robots":{"index":"index","follow":"follow","max-snippet":"max-snippet:-1","max-image-preview":"max-image-preview:large","max-video-preview":"max-video-preview:-1"},"canonical":"https:\/\/www.mag-fruits.fr\/index.php\/creno\/","og_locale":"fr_FR","og_type":"article","og_title":"Groupe Creno | Mag-Fruits - Au c\u0153ur du frais","og_description":"Creno allie la\u00a0puissance d\u2019un groupe\u00a0structur\u00e9 \u00e0 la\u00a0r\u00e9activit\u00e9 de PME r\u00e9gionales, afin\u00a0d\u2019organiser\u00a0et\u00a0centraliser les fonctions cl\u00e9s du groupe.","og_url":"https:\/\/www.mag-fruits.fr\/index.php\/creno\/","og_site_name":"Mag-Fruits","article_modified_time":"2022-04-27T15:02:27+00:00","og_image":[{"url":"http:\/\/www.mag-fruits.fr\/wp-content\/uploads\/2022\/04\/LOGO_CRENO-VALIDE-300x180.png"}],"twitter_card":"summary","twitter_misc":{"Dur\u00e9e de lecture estim\u00e9e":"4 minutes"},"schema":{"@context":"https:\/\/schema.org","@graph":[{"@type":"WebSite","@id":"https:\/\/www.mag-fruits.fr\/#website","url":"https:\/\/www.mag-fruits.fr\/","name":"Mag-Fruits","description":"Au coeur du frais","potentialAction":[{"@type":"SearchAction","target":{"@type":"EntryPoint","urlTemplate":"https:\/\/www.mag-fruits.fr\/?s={search_term_string}"},"query-input":"required name=search_term_string"}],"inLanguage":"fr-FR"},{"@type":"ImageObject","@id":"https:\/\/www.mag-fruits.fr\/index.php\/creno\/#primaryimage","inLanguage":"fr-FR","url":"https:\/\/www.mag-fruits.fr\/wp-content\/uploads\/2022\/04\/LOGO_CRENO-VALIDE.png","contentUrl":"https:\/\/www.mag-fruits.fr\/wp-content\/uploads\/2022\/04\/LOGO_CRENO-VALIDE.png","width":886,"height":531},{"@type":"WebPage","@id":"https:\/\/www.mag-fruits.fr\/index.php\/creno\/#webpage","url":"https:\/\/www.mag-fruits.fr\/index.php\/creno\/","name":"Groupe Creno | Mag-Fruits - Au c\u0153ur du frais","isPartOf":{"@id":"https:\/\/www.mag-fruits.fr\/#website"},"primaryImageOfPage":{"@id":"https:\/\/www.mag-fruits.fr\/index.php\/creno\/#primaryimage"},"datePublished":"2015-11-24T09:26:32+00:00","dateModified":"2022-04-27T15:02:27+00:00","description":"Creno allie la\u00a0puissance d\u2019un groupe\u00a0structur\u00e9 \u00e0 la\u00a0r\u00e9activit\u00e9 de PME r\u00e9gionales, afin\u00a0d\u2019organiser\u00a0et\u00a0centraliser les fonctions cl\u00e9s du groupe.","breadcrumb":{"@id":"https:\/\/www.mag-fruits.fr\/index.php\/creno\/#breadcrumb"},"inLanguage":"fr-FR","potentialAction":[{"@type":"ReadAction","target":["https:\/\/www.mag-fruits.fr\/index.php\/creno\/"]}]},{"@type":"BreadcrumbList","@id":"https:\/\/www.mag-fruits.fr\/index.php\/creno\/#breadcrumb","itemListElement":[{"@type":"ListItem","position":1,"name":"Accueil","item":"https:\/\/www.mag-fruits.fr\/"},{"@type":"ListItem","position":2,"name":"Creno"}]}]}},"_links":{"self":[{"href":"https:\/\/www.mag-fruits.fr\/index.php\/wp-json\/wp\/v2\/pages\/119"}],"collection":[{"href":"https:\/\/www.mag-fruits.fr\/index.php\/wp-json\/wp\/v2\/pages"}],"about":[{"href":"https:\/\/www.mag-fruits.fr\/index.php\/wp-json\/wp\/v2\/types\/page"}],"author":[{"embeddable":true,"href":"https:\/\/www.mag-fruits.fr\/index.php\/wp-json\/wp\/v2\/users\/1"}],"replies":[{"embeddable":true,"href":"https:\/\/www.mag-fruits.fr\/index.php\/wp-json\/wp\/v2\/comments?post=119"}],"version-history":[{"count":26,"href":"https:\/\/www.mag-fruits.fr\/index.php\/wp-json\/wp\/v2\/pages\/119\/revisions"}],"predecessor-version":[{"id":1223,"href":"https:\/\/www.mag-fruits.fr\/index.php\/wp-json\/wp\/v2\/pages\/119\/revisions\/1223"}],"wp:attachment":[{"href":"https:\/\/www.mag-fruits.fr\/index.php\/wp-json\/wp\/v2\/media?parent=119"}],"curies":[{"name":"wp","href":"https:\/\/api.w.org\/{rel}","templated":true}]}}